3. Let r = 58 - g. What is the greatest common divisor of 26 and r?
26
Let d(c) = -c**3 - 6*c**2 - 2*c - 8. Let z be d(-6). Suppose -4*l - 4 = 2*k - 100, -219 = -z*k + l. What is the greatest common divisor of 432 and k?
54
Let r = -17239 + 21954. Calculate the highest common factor of r and 15.
5
Let i be 6/(-1)*(-6 - -1839)/(-13). Calculate the highest common divisor of i and 658.
94
Let w be 308/(-49) - (-2)/7. Let o be (((-48)/(-15))/((-8)/(-20)))/1. Let q be w/(-4) + -18*(-2)/o. What is the highest common divisor of q and 6?
6
Suppose 3*c = -5 - 22. Let u = c - -43. Suppose -7*w + 140 + 217 = 0. What is the greatest common factor of u and w?
17
Suppose 20331 = y + 4*d, -5*y - 421*d = -420*d - 101598. Calculate the highest common divisor of y and 117.
39
Let l(b) = -8*b - 2. Let y be l(-1). Let m be (3/y*2)/1. Let o be (-2)/(-7) + (m - (-133)/49). Calculate the highest common factor of 12 and o.
4
Suppose 0 = 21*v + 165 - 1026. Let y = 29 + v. What is the greatest common divisor of 525 and y?
35
Let b = 32719 + -32170. What is the greatest common factor of 244 and b?
61
Let q = 42441 - 17260. What is the greatest common divisor of q and 169?
169
Let y = -22 - -74. Let z(r) = 3*r**3 + 3*r - 2. Let s be z(1). Suppose -i - 148 = -s*i - 2*t, 2*i - 120 = 4*t. Calculate the highest common factor of i and y.
52
Let h = 16086 - 15687. What is the greatest common divisor of h and 1344?
21
Suppose 36 = -5*i + i. Let q be i/(-15) - 234/(-10). Let a be -2 - 8*(-50)/40. Calculate the greatest common factor of q and a.
8
Let t(c) = 2*c**3 + 119*c**2 - 62*c - 54. Let a be t(-60). Calculate the highest common factor of 3267 and a.
33
Let w be -1*(0 - 64 - 5). Let h(i) = -24*i**3 + i**2 + 2*i. Let b be h(-1). Calculate the highest common divisor of w and b.
23
Let o(t) = 92*t - 1. Let y(q) = -q + 6. Let l be y(7). Let d be o(l). Let v = d - -119. Calculate the greatest common factor of v and 286.
26
Suppose 4000 = -2*y + 8522. Calculate the highest common factor of y and 102.
17
Let q = 9 - 6. Let k(m) = -3*m**2 - 390*m + 2028. Let v be k(5). Calculate the highest common divisor of v and q.
3
Let t = -2480 + 2484. What is the highest common factor of t and 1452?
4
Let m be ((-6)/(-8))/((-1)/228). Let d = m + 66. Let b = d - -125. Calculate the greatest common divisor of 40 and b.
20
Let s = -94 - -11358. What is the greatest common factor of s and 22?
22
Suppose -348*g = 2*o - 353*g - 870, -5*g = 2*o - 930. Let z(y) = -y + 36. Let d be z(0). Calculate the highest common divisor of d and o.
18
Let q(n) = -n**3 - n**2 + n + 9. Let z be q(0). Let u be 12441/11583 - (-4)/(-54). Calculate the highest common divisor of u and z.
1
Suppose 2*d - 4 = 2*z, -3*d + 6 = -5*z - 10. Let y(j) = -15*j**3 - 3*j**2 + j - 1. Let q be y(d). What is the greatest common divisor of 34 and q?
34
Suppose -3*s + 37 = 25. Suppose -s*n + 14 = -22. Let d be (n/9)/(1/32). Calculate the greatest common divisor of 24 and d.
8
Let j be 361352/33 + 0 + 1108/(-18282). What is the greatest common divisor of j and 20?
10
Let o(m) = 12*m - 27. Let f be o(5). Suppose i - 3*b = -2*i + 75, 0 = 5*i - 3*b - 135. Let d = f - i. Calculate the greatest common divisor of 27 and d.
3
Let w be 36/10*15/6. Suppose 5*o = 5*i - 190, -4*o + 193 = 4*i + w. What is the greatest common divisor of i and 14?
14
Suppose 167*o = 5*i + 166*o - 111, 2*o + 24 = i. What is the greatest common divisor of 352 and i?
22
Let t(g) = -g**3 - 3*g**2 + 53*g. Let b be t(-10). Calculate the highest common factor of 10 and b.
10
Let l(u) = -u**2 - 9*u + 1. Let p be l(-9). Let z be -206*(75/10 - 8). Suppose -44 = -z*m + 99*m. Calculate the highest common divisor of m and p.
1
Let j be (178/4)/((-12)/24). Let u = 111 + j. Calculate the highest common divisor of u and 66.
22
Let s be 2*(-1*2 + (-99)/(-22)). Suppose 0*b = s*b - 230. Let p = b + 26. What is the highest common factor of 12 and p?
12
Suppose 3*w - 914 = -2*z + 57, 0 = -3*w + 4*z + 983. Suppose -37*g = -42*g + 500. Calculate the greatest common factor of w and g.
25
Suppose 54 = 2*g - 358. Suppose 0 = 3*q - g + 8. Suppose -3*r - 3 = 18*p - 21*p, 0 = -4*p + 28. Calculate the highest common factor of q and r.
6
Suppose 3*v + 2*y - 216 = 0, -25*y + 22*y + 9 = 0. Calculate the highest common factor of 4200 and v.
70
Let r = -4 - 6. Let n be 3*((-6)/r + (-52)/(-30)). Suppose 0 = -0*x - 4*x + 4. Calculate the highest common factor of n and x.
1
Suppose 1349*d = 1357*d - 74 - 1158. What is the highest common factor of 29722 and d?
154
Suppose 4*b + 5*r = 485, 2*r = -b - r + 130. Suppose 27*x = 11*x + 1104. What is the greatest common divisor of x and b?
23
Let g = 7 - -59. Suppose 0 = -70*x + g*x + 432. Calculate the highest common factor of x and 12.
12
Suppose 263*y - 816 = 95*y + 100*y. Suppose 0 = -3*n + 23 + 7. Let z = n + -4. Calculate the highest common factor of z and y.
6
Let n = 27481 + -25631. Calculate the greatest common factor of n and 5.
5
Let v = 23 - 13. Let b be 1 - 1*v/(-2). Let c = -52562 - -52563. What is the greatest common divisor of c and b?
1
Let x = 164 + -145. Suppose -3024 = -x*q - 288. What is the highest common divisor of q and 198?
18
Let z(h) = h**2 + 20*h - 1288. Let j be z(44). What is the greatest common divisor of 2 and j?
2
Let a = -207 - -594. Let g(i) = -4*i**2 + 30*i - 13. Let x be g(4). Calculate the greatest common divisor of a and x.
43
Let p be ((-240)/35)/(1/(-9*14)). What is the highest common factor of p and 9?
9
Suppose 4*y - 3*l - 26355 = 0, -1708 = -2*y + 3*l + 11471. Calculate the highest common factor of y and 378.
54
Suppose -2*u = -4*w + 3*w + 26, 2*u = -5*w + 130. Suppose 14*d + 20090 = 20160. Calculate the highest common divisor of d and w.
1
Let b(d) be the second derivative of d**4/12 - 19*d**3/3 + 281*d**2/2 - 45*d - 1. Let r be b(35). Calculate the highest common factor of r and 64.
16
Let a be (-550)/110 + 5*39. Let c = -4 + 80. What is the highest common factor of a and c?
38
Suppose 4 + 0 = -4*x + 5*n, -2*x = -5*n + 12. Suppose l - x*v = 251, -4*l - 762 = -7*l + 3*v. Calculate the highest common divisor of 102 and l.
51
Suppose 20*l - 104 = 56. What is the highest common divisor of 56 and l?
8
Suppose 4*c - 4 + 6 = -r, -4*r = 5*c - 14. Let p = 2 - 4. Let q be (-38)/p - (-3)/r*-6. What is the highest common divisor of 80 and q?
16
Let z(j) = 5*j - 13. Let k be z(29). Suppose t = b + 66, k = -t + 3*t + b. What is the greatest common factor of 22 and t?
22
Let x = -1166 + 1483. What is the greatest common divisor of 1 and x?
1
Suppose 9*g + 42 = 16*g. Let f be (3 - 1)*729/g + 0. Suppose -d - 4*v + f = 0, -5*v - 1272 = -5*d - 132. Calculate the greatest common factor of d and 21.
21
Let j(r) = r**3 - 30*r**2 + 53*r + 135. Let m be j(28). Suppose -5*i = -2*w - 1820 - 977, 2*w - 1691 = -3*i. Calculate the greatest common divisor of i and m.
51
Let x = 132 + -4. Let g = -145 - -161. Calculate the highest common divisor of x and g.
16
Let k(f) = 26*f**2 + 45*f - 6. Let y be k(-2). What is the greatest common factor of y and 172?
4
Let v(w) = 5*w**2 - 133*w + 999. Let h be v(11). Calculate the greatest common divisor of h and 19693.
47
Suppose 87*r + 87*r - 164*r - 1960 = 0. Calculate the highest common divisor of 1323 and r.
49
Suppose -941 - 5002 = 7*z. Let j = z - -870. Calculate the highest common factor of j and 21.
21
Let u be (-195)/(-15)*((-85)/(-5) - 4). What is the greatest common factor of u and 923?
13
Let t(w) be the third derivative of -5*w**4/24 + 23*w**3/2 + 9*w**2. Let r be t(5). What is the highest common divisor of 11 and r?
11
Suppose -3*d + c + 864 = 3145, 5*d = 2*c - 3801. Let a = -585 - d. What is the greatest common divisor of a and 48?
16
Suppose 6 = 3*q + 5*m + 1, 3*m = 3. Suppose 2*n - 81 = 5*f, -2*n + q*n + f = -61. Let j = 22 + -18. Calculate the greatest common divisor of j and n.
4
Let n be (928/12 + -2)/((-44)/(-66)). Suppose -n = -30*c + 337. Calculate the highest common factor of c and 75.
15
Let y = -161 - -86. Let i = y + 345. Calculate the greatest common factor of i and 162.
54
Let a(t) = 316*t - 12. Let p be a(1). Let s(d) = 7*d - 9. Let i be s(4). Calculate the greatest common divisor of i and p.
19
Let f = -369 - -446. Suppose -3*v = -4*h - 214 + 1461, 3*h = v + 929. Calculate the